e 8*c = 3*c + 155. Suppose 0 = g - 3, -142*i - 3*g = -141*i - 160. Calculate the remainder when i is divided by c.
27
Suppose 3*t - v + 23 - 356 = 0, -5*v = 5*t - 535. Calculate the remainder when 4949 is divided by t.
109
Suppose -4*k + 766 = -222. Let t = k + -180. Calculate the remainder when t is divided by 24.
19
Let u = -6647 - -6738. Calculate the remainder when u is divided by 31.
29
Let w(v) = -25*v - 221. What is the remainder when 278 is divided by w(-14)?
20
Suppose 323*z - 280*z = 10363. What is the remainder when z is divided by 135?
106
Let d = 19744 - 16148. Calculate the remainder when d is divided by 3.
2
Let c be (-8)/(-6)*90/(-20). What is the remainder when 150 is divided by c/(-4 - 438/(-114))?
36
Let v(o) = 60*o + 421. What is the remainder when 723 is divided by v(-6)?
52
Let k be (((-288)/(-27))/8)/((-1)/(-96)). Let i = -114 + k. Calculate the remainder when 50 is divided by i.
8
Suppose -17*q + 18*q + 13 = 0. Let h(s) = -2*s**2 - 28*s + 31. Let f be h(q). Let o = f + 17. Calculate the remainder when o is divided by 25.
24
Let s(b) be the first derivative of -b**3/3 + 35*b**2/2 + 129*b - 52. Calculate the remainder when s(37) is divided by 29.
26
Suppose -4*k + 8 = -8*k. Let i be (k/(-3))/(194/(-66) - -3). What is the remainder when 0 - (-595)/55 - (-2)/i is divided by 4?
3
Let i = 283 + -214. Let t = 43 + -28. What is the remainder when i is divided by t?
9
Suppose m + 5*t = -57 + 802, 717 = m + t. What is the remainder when 3563 is divided by m?
13
Let r be 4/6 - ((-4326)/18 + 5). Suppose -b - 40 + r = 0. What is the remainder when b is divided by 11?
9
Let j = 468 + -71. Let o = -389 + j. What is the remainder when 16 is divided by o?
0
Suppose 3*a = -3*w + 1530, 16*w - 506 = 15*w + 3*a. What is the remainder when w is divided by 123?
17
Calculate the remainder when 282 is divided by ((-81)/(-2))/3*(651 + -645).
39
Suppose 19*s = 2790 + 11154 + 41821. Calculate the remainder when s is divided by 70.
65
Let a = 34 - 14. Let p = 164 + -162. Suppose -p*g - 2*w + 26 = 0, 22 = 3*g - w + 3. What is the remainder when a is divided by g?
4
Calculate the remainder when (-155)/31*(-152)/10 is divided by 40.
36
Let u be 0 + 748/28 + 14/49. Suppose -28*l + 6 = -u*l. Suppose 0 = -3*o - 12, 3*s - 3*o - 31 = -2*o. What is the remainder when s is divided by l?
3
Let m(z) = 84*z**2 + 742*z + 17. What is the remainder when 300 is divided by m(-9)?
14
Let j = 3 - -52. Let t(v) = v + 60 - 123 + j. What is the remainder when 36 is divided by t(18)?
6
Suppose 4*h + 2*u - 98 = 0, -5*h = -4*u - 58 - 32. Suppose 2*w = 4*m - 6, 0 = -w + m + 5 - 4. What is the remainder when h is divided by w?
2
Suppose 192*l - 1660 = 190*l - 5*r, -20 = -5*r. What is the remainder when l is divided by 209?
193
Let x(t) = -28*t**3 + 9*t**2 + 18*t + 23. What is the remainder when 809 is divided by x(-3)?
3
Let k = 1658 - 870. Calculate the remainder when k is divided by 2.
0
Let c(l) = 5*l**3 - 118*l**2 - 37*l + 74. What is the remainder when c(24) is divided by -19*(-4 - (-2 - 1))?
15
Let s = 66 - 66. Suppose u - 167 + 143 = s. Calculate the remainder when 46 is divided by u.
22
Calculate the remainder when (2/(-9))/((-2)/16602) - 391/(-1173) is divided by 110.
85
Suppose 0 = -l - 4*f + 9*f + 31, -5*f - 52 = -2*l. Suppose 7*q - 11*q = -12. What is the remainder when l is divided by q?
0
Let r be -11 + -14 - (2 + 1). Calculate the remainder when 254 is divided by (182/r)/((-3)/30).
59
Let t = -28 + 55. Let a(z) = z**3 - 6*z**2 - 2*z + 2. Let d be a(-4). Let m = -43 - d. What is the remainder when m is divided by t?
26
Let h(b) = 2538*b - 1064. Calculate the remainder when h(1) is divided by 114.
106
Let p(d) = -d**3 - 30*d**2 + 17*d - 77. Let q be p(-31). Suppose -244*c + 261*c = q. What is the remainder when 54 is divided by c?
12
Suppose -4*z + 385 - 115 = -2*y, 2*y = 5*z - 335. Let j be 6/15 + 2/(-5). Suppose -9*r + 14*r - z = j. What is the remainder when 102 is divided by r?
11
Let p be (-5 + -2 + 4)/((-12)/140). Suppose -4 = -l, -36*l = -3*o - p*l + 74. What is the remainder when o is divided by 12?
2
Suppose 19*o = 5*o + 4200. Let l = o + -160. Calculate the remainder when l is divided by 16.
12
Suppose -a - 3*s = -0 - 29, 49 = 2*a + 3*s. What is the remainder when 13 - 1 - 5063/(-83) is divided by a?
13
Let r = -63 + 76. Suppose 9*m = -r*m + 6*m. Calculate the remainder when (-4 - m)/(0 - 4) is divided by 1.
0
Let m(v) = 2*v**3 + 72*v**2 - 100*v - 46. What is the remainder when m(-37) is divided by 18?
16
Let z(i) = 2*i**3 + 6*i - 4. Suppose 3*b - 5*b = -16. Suppose b = -7*m + 11*m. What is the remainder when 70 is divided by z(m)?
22
Suppose -i - o - 67 = -88, 0 = -2*i + 3*o + 7. What is the remainder when 670 is divided by i?
12
Suppose 6*g - 81 = -57. Calculate the remainder when (-2)/(-2) + (g - -42) is divided by 8.
7
Suppose -9 = 3*s, -2*s + 94 = 2*l - 114. Calculate the remainder when l is divided by 58.
49
Let a = -33 + 53. Let k be (-5)/(a/(-18))*(2 - 0). Suppose b - 560 = -k*b. What is the remainder when b is divided by 29?
27
Let w(q) = q**3 + 2*q**2 + 3*q + 2. Let t be w(4). Let d(a) = 17*a + 231. Let x be d(-16). Let z = x + t. What is the remainder when z is divided by 36?
33
Suppose 1164*z - 1296*z + 48708 = 0. Calculate the remainder when z is divided by 193.
176
Calculate the remainder when 1623 is divided by ((-511)/36 - 1269/564)/(2/(-9)).
69
Let i = -392 + 878. Suppose i = 6*x - 90. Calculate the remainder when 286 is divided by x.
94
Suppose 12*d = 6*d - 42. Let h(v) = v**3 + 7*v**2 + 2*v + 23. Calculate the remainder when 43 is divided by h(d).
7
Let u(q) = 110*q**3 + 3*q**2 - 8*q + 2. Let o be u(3). Suppose -44*h = -9*h - o. Calculate the remainder when 162 is divided by h.
77
Suppose -45*p + 44*p - 491 = -2*g, p + 1229 = 5*g. Calculate the remainder when 975 is divided by g.
237
Let v = -6141 + 6541. Calculate the remainder when v is divided by 132.
4
Let m(g) = -11 - 18 + 13*g + 52 - 14 - 26. Suppose 3*y = 5*y - 4*t - 18, 5*y = -2*t + 9. Calculate the remainder when 84 is divided by m(y).
18
Suppose -85*k - 1030 = -188*k. What is the remainder when 418 is divided by k?
8
Let f(u) = 11*u**2 + 11*u + 24. Let z be f(-3). Suppose z = s + 28. What is the remainder when s is divided by 33?
29
Let d(t) = 3*t**2 - 62*t + 49. Let u be ((-48)/42)/(10/(-175)). Calculate the remainder when 250*(0 + 2)/4 is divided by d(u).
8
Let o(p) = p**2 - 21*p - 481. What is the remainder when 149 is divided by o(37)?
38
Let y = -83 + 95. What is the remainder when (0 + 10/3)/((-2)/(-93)) is divided by y?
11
Let s be (68/(-8))/((-3)/(-6) - 1). Suppose -s*f = -6*f - 44. Suppose f*t - 19 + 1 = 2*o, 33 = 4*t + o. Calculate the remainder when 18 is divided by t.
4
Suppose 2*c - z - 5 = 0, 2*c + z - 7 = -0*c. Suppose 0 = c*u - 512 + 32. Let o(y) = -7*y + 6. Calculate the remainder when u is divided by o(-3).
25
Suppose 1424 = 2*i - 2*u, 1420 = 2*i - 9*u + 5*u. What is the remainder when i is divided by 48?
42
Suppose -26*n - 265665 = -127*n - 166*n. What is the remainder when n is divided by 156?
59
Let d(n) = -3*n**3 + 30*n**2 + 33*n**2 + 11*n - n**3 + 2*n**3 - 35*n - 30. Calculate the remainder when d(31) is divided by 38.
35
Suppose -z = 5*o, 5*z - 37*o - 21 = -41*o. Calculate the remainder when 35 is divided by (22/z)/((18/(-15))/(-6)).
13
Let s be (5 - -16 - 3) + 0. Let n = -24 - -14. Let v = s + n. What is the remainder when 13 is divided by v?
5
Let s(p) = 26*p**3 + 1. Let c = -11274 - -11289. What is the remainder when s(1) is divided by c?
12
Suppose 2*z - 558 - 645 = 5*w, 0 = -2*z - 4*w + 1158. What is the remainder when z is divided by 58?
9
Suppose -3*m = -5*b - 93, -4*m - 81*b + 82*b = -124. Let s = -91 + 166. Calculate the remainder when s is divided by m.
13
Let l(u) = 217*u**2 + 29*u - 200. What is the remainder when l(3) is divided by 361?
35
Let k(v) = -3*v**3 - 3*v**2 + 12. Let x be k(-3). Suppose -7*p + x = -p. What is the remainder when (1 + -88)/(((-198)/12)/p) is divided by 16?
10
Let k(v) be the third derivative of v**5/30 - 5*v**4/4 - 29*v**3/6 - v**2. What is the remainder when k(17) is divided by ((-42)/(-5))/(4/10)?
18
Let s = 7 + -4. Let h(x) = x**3 - 10*x**2 - 15*x - 20. Calculate the remainder when h(12) is divided by (-5)